st common factor of 10 and z?
2
Let c = -12 - -12. Suppose -2*o + 4*o + 3*z = 328, c = -5*z + 10. What is the highest common divisor of 23 and o?
23
Let u be 1 - 0 - (7 - 9). Suppose 5*f - 328 = 3*i, 0*f - u*i + 192 = 3*f. What is the greatest common factor of f and 26?
13
Suppose 6*d - 20 = 2*d. Calculate the greatest common divisor of d and 5.
5
Let v(y) = y + 52. Let w be v(12). Calculate the highest common divisor of w and 16.
16
Suppose 3*v - 67 = -13. Let i = -51 - -30. Let t be 56/i*v/(-4). What is the highest common factor of t and 24?
12
Let j = -5 - -8. Calculate the highest common factor of 33 and j.
3
Let o be 20*(1 - (-15)/6). Let j = 9 + 19. Calculate the greatest common divisor of j and o.
14
Let h(t) = -t**2 - 7*t - 5. Let d be h(-4). Let x(f) = f + 12. Let i be x(-6). Suppose 0 = -i*o + o + 140. What is the greatest common factor of o and d?
7
Let k = 12 - 3. Let c = 272 + -227. Calculate the greatest common divisor of k and c.
9
Let w = 148 - 98. Calculate the greatest common factor of 20 and w.
10
Let j(f) be the second derivative of -3/2*f**2 - 2*f + 1/2*f**3 + 0. Let v be j(6). Calculate the greatest common divisor of 165 and v.
15
Suppose 2*h + 4 + 13 = -5*b, -5*h - 2*b + 10 = 0. Let r be 4/16 - 1/h. Let x be (-3 - (r + -2)) + 5. Calculate the highest common factor of 44 and x.
4
Let g be (-520)/39*54/(-4). Calculate the greatest common factor of g and 20.
20
Let a(t) = 4 + 0*t + 2*t - 5 - t. Let u be a(3). Suppose 4 = u*g - 36. Calculate the greatest common divisor of g and 30.
10
Let y be (-14268)/(-21) - 20/(-35). Let j be (-4)/(-18) - y/(-18). What is the highest common factor of j and 57?
19
Suppose 0 = 4*y + y + 2*j - 36, 2*y = 3*j + 3. Let x be (-3)/y + 31/2. Calculate the highest common factor of x and 10.
5
Let s be (-1 + 3)/((-2)/(-59)). Let k = -101 + s. Let w = k - -66. Calculate the greatest common divisor of w and 6.
6
Let f = -13 - -27. Let h be 390/7 - (-4)/f. Suppose -5*u + u = 16, o - 18 = u. What is the highest common factor of h and o?
14
Let c(d) = 8*d**2 + 3*d. Let h be c(-2). Let l be 4/h + 6852/78. What is the highest common divisor of 8 and l?
8
Let f(l) = l**2 + 6*l - 6. Let o be f(4). Let r be (-35)/(-2) + (-1)/2. What is the greatest common divisor of r and o?
17
Let c be 4/22 - 100/(-55). Suppose c*h + f + 26 = 3*h, 3*f = 3. What is the highest common factor of h and 18?
9
Let j = -12 - -16. Suppose j*r - 19 = 29. What is the greatest common factor of 96 and r?
12
Suppose -4*o + 1 + 3 = 0. Suppose -9 = -4*s - o. Suppose -s*f = -56 - 4. Calculate the highest common factor of f and 20.
10
Let d be -2*1*-2 + -1. Suppose -1 = 3*f + 5*z, 2 + d = -z. Suppose 0 = 4*l - 5*n - 143, 4*l - n = -0*n + 131. Calculate the highest common divisor of f and l.
8
Let q(x) = 194*x**2 + 2*x - 1. Let l be q(1). Suppose 5*s - 325 = -5*f + 2*s, l = 3*f + s. What is the greatest common divisor of 13 and f?
13
Let s = -147 - -155. What is the highest common divisor of s and 20?
4
Let x be (0 - (5 + 0))*1. Let g be 2/x - (-644)/10. Calculate the highest common factor of 16 and g.
16
Let x = -8 + 12. Let p be 1/5 - (-1062)/90. What is the greatest common divisor of p and x?
4
Let y(c) = 0 + 0 + 0 - 1 - 11*c. Let t be y(-1). What is the greatest common factor of t and 5?
5
Let o = -29 - 2. Let m be o/4 - 6/(-8). Let w = -5 - m. What is the highest common divisor of w and 3?
1
Let c = 23 - 12. What is the highest common divisor of c and 99?
11
Suppose -x + 35 = -6*k + 4*k, 5*x - 230 = -k. Calculate the highest common factor of 315 and x.
45
Let v be (-4)/(-22) + 4734/99. Suppose -5*j + 7 = p - 19, 5*j - 2*p = 38. Calculate the highest common factor of j and v.
6
Let a(b) = -2*b + 2. Let x be a(-3). Let v(t) = -t**3 + 7*t**2 - 7*t + 4. Let f = 0 + 4. Let w be v(f). What is the greatest common factor of w and x?
8
Let a(j) be the third derivative of -j**4/24 + j**3/6 + 2*j**2. Let c be a(-2). Calculate the greatest common factor of c and 9.
3
Let c = -74 - -130. Let z = c + -8. Calculate the highest common factor of z and 16.
16
Let x = -46 - -71. Calculate the highest common divisor of x and 50.
25
Let b(d) = 4*d. Let o be b(8). What is the greatest common factor of 8 and o?
8
Let z = -20 + 28. What is the highest common divisor of z and 56?
8
Let r be (2 - -1)*(-136)/(-3). Suppose 3*h + h + 2*j - r = 0, -h + 3*j + 20 = 0. Calculate the highest common divisor of 80 and h.
16
Suppose 0 = 5*h + 2*n - 210, 2*h + 2*n + 30 = 3*h. Calculate the highest common divisor of 5 and h.
5
Suppose -3*p + p = -6. What is the greatest common divisor of 33 and p?
3
Suppose -7*w + 2*w = -60. Let l(j) = -9*j - 3. Let x be l(-3). Let n be 1*x + 0/2. What is the greatest common factor of w and n?
12
Let d = 34 - 20. Calculate the greatest common divisor of d and 2.
2
Let c be (0 - (3 - 5)) + 2. What is the greatest common factor of c and 44?
4
Let j be (-5)/(20/(-12)) + 23. What is the highest common factor of j and 208?
26
Let i be (4 - -3) + -1 - 1. Let h(d) = -4*d + d - 5 + d + d**2. Let c be h(i). What is the highest common divisor of 40 and c?
10
Let r(z) = 26*z - 1. Let b be r(2). Let h be (3 - 2) + -1 + b. Suppose 0*f - 3*f = 4*q - 63, -2*f - 3*q + 43 = 0. What is the highest common divisor of f and h?
17
Let l(s) = -7*s**3 - s**2 + s + 1. Let b be l(-1). Let a be b + (2/(-2) - -2). What is the highest common divisor of 1 and a?
1
Let v be (18/36)/(2/8). Suppose 3*b = 12, -3*b + 15 = -0*a + 3*a. Suppose v*o - a = 3. Calculate the highest common factor of o and 8.
2
Suppose 0 = -3*x - 2*l + 5, 23 = 5*x - 3*l - l. Let z = x + 24. Suppose 3*o - 7*o + 6 = 2*p, p - 3 = o. What is the greatest common factor of p and z?
3
Let s(j) = j**3 - 9*j**2 - 6*j + 6. Let o be s(10). Let t = 31 + o. Suppose -3 = -2*q + 11. Calculate the highest common factor of t and q.
7
Suppose 4*w + 3*k = 706, 2*k - 35 + 556 = 3*w. What is the greatest common divisor of w and 25?
25
Let d = -66 + 118. Calculate the highest common factor of 13 and d.
13
Let g(b) = b**2 + 18*b - 49. Let t be g(-21). What is the greatest common factor of 2 and t?
2
Let m(q) = q**3 - 9*q**2 + 2*q - 4. Let f be m(9). What is the highest common divisor of 28 and f?
14
Let g = 2 + 2. Suppose -2*n + 4*n + 4*y = 20, -12 = -g*y. Let x(t) = -t + 5. Let f be x(-5). What is the highest common divisor of f and n?
2
Suppose -n + 324 = 3*n. What is the highest common factor of n and 9?
9
Suppose 5*n - 1100 = 2*k, -2*n + 1100 = 3*n + 5*k. What is the greatest common factor of n and 20?
20
Let n(h) = 3*h - 1. Let w be n(3). Let q = w - -10. Calculate the greatest common factor of 126 and q.
18
Let d(u) = 6*u - 7. Let y be d(5). What is the highest common factor of 161 and y?
23
Let d = 17 - 10. Suppose -16 = -4*t + 4*f, -2*f = -t + d - 3. Suppose 3*a + 51 = 3*w - 0*a, -21 = -3*w - 3*a. What is the highest common divisor of w and t?
4
Let m(l) = l + 10. Let g be m(-6). Let w be 10/g*(-294)/(-35). What is the highest common factor of w and 3?
3
Suppose -4*r + 41 = 5*w, -2*w + 5*r - r - 6 = 0. Suppose 3*p + 2*p = -w*z + 300, -8 = -2*z. What is the highest common divisor of 28 and p?
28
Let t(r) = r - 4. Let z be t(-4). Let k be 2/z + 276/16. Let x = -10 + k. Calculate the greatest common factor of x and 35.
7
Let b(q) = -5 + 4 + 3 - q**2 - 2*q. Let a be b(-4). Let u = a - -13. Calculate the highest common factor of 63 and u.
7
Let s(h) = -h - 10. Let d be s(-14). Calculate the greatest common factor of 8 and d.
4
Let m be (-9)/15 - (-886)/10. Calculate the highest common factor of 22 and m.
22
Suppose -3*h - p + 327 = 0, -3*h + 4*p + 230 = -82. Let v = 21 + -9. What is the highest common divisor of h and v?
12
Let n = -1 - 32. Let g be ((-10)/15)/(1/n). Suppose c - 4 = -4*k + 5, 4*k = 5*c + 3. What is the greatest common divisor of k and g?
2
Let b(x) = 5*x + 1. Let q be b(2). What is the highest common factor of q and 11?
11
Let i = -20 - -22. Suppose z + 2 = 4. Suppose -z*v + 8 = -i. Calculate the highest common factor of 15 and v.
5
Let w = -12 + 6. Let z = -15 + 11. Let l be ((-52)/w)/(z/(-18)). Calculate the highest common factor of 26 and l.
13
Let m(x) = -x**3 - 11*x**2 - 9*x + 23. Let k be m(-10). Calculate the highest common divisor of k and 39.
13
Let x(t) = 9*t**2 + 9*t + 16. Let o be x(-3).